9 - 2 - 3.
5
Evaluate 3 + -2 + 11 - 9.
3
What is -3 + 0 + (0 - -4 - 3)?
-2
What is (9 - (1 + -2 - -5)) + -9?
-4
What is -4 + (-14 - -3) + 8?
-7
Evaluate (-7 - (-6 - 1)) + -5.
-5
Evaluate -1 + 9 + -18 + 8 + 1.
-1
What is the value of (-5 - -2) + 6 + -1?
2
What is (3 - 5 - (-1 - -1)) + 5?
3
What is 1 + 7 + 1 - 6?
3
What is -7 + 12 + -11 - -4?
-2
What is the value of 9 - (4 + 3 + -3)?
5
Calculate 4 - -1 - (14 + (-32 - -24)).
-1
Evaluate -9 + (-6 - (-21 - -7)).
-1
Evaluate -7 - (-2 + 0 + 7 - 8).
-4
What is the value of 2 + (-5 - -1) + -2?
-4
What is (-2 - -2) + (13 - 14)?
-1
Evaluate 10 - (13 + 1 - 15).
11
What is (4 - 10) + 7 - 4?
-3
13 - 14 - (-1 + 4 + -2)
-2
What is the value of -5 - -2 - 0 - (-2 - -1)?
-2
Calculate -9 + 13 - (4 - 1).
1
What is the value of -5 + (-2 - -4) + 1?
-2
3 - -12 - (1 + 6 + 0)
8
What is 0 + (2 - 6) + 4 - 2?
-2
Evaluate (4 - 3) + 4 + -6.
-1
Evaluate 4 + (-3 - (-4 - -1)).
4
0 - -6 - (-14 + 15)
5
What is (9 - (11 + -4)) + -6?
-4
Evaluate 3 + 0 + -4 + 3 + -7.
-5
Evaluate -6 - (-4 - 1) - (1 - 6).
4
-1 + -1 + (-6 - -4)
-4
(-5 - 8) + 12 + (0 - -6)
5
Evaluate (6 - 11) + (-1 - -6) - -6.
6
What is 1 + -7 - (-1 - 6)?
1
What is -27 + 30 + (0 - 1)?
2
Calculate 10 - (17 + -3) - (1 - 5).
0
What is (-5 - -2 - 3) + (-4 - -4)?
-6
-2 + 4 + 2 + -10
-6
What is (-1 - -8) + (6 - 10)?
3
Evaluate (1 - 7) + 9 - (0 + -1).
4
Evaluate (3 - -1) + (-7 - -20 - 8).
9
Evaluate 0 + (-2 + 0 - 2).
-4
What is -4 + (22 + -19 - (0 - -1))?
-2
Calculate -5 + 4 + 2 - (5 - 1).
-3
What is (0 - -13) + (-58 - -52)?
7
What is 2 - 0 - (21 + 22 + -46)?
5
What is the value of -10 + 6 + (13 - 3)?
6
Evaluate 3 - ((2 - -1) + (-6 - -3)).
3
What is the value of 0 + -8 + 13 + -4 + 0?
1
-10 + (3 - 12) + 20
1
Calculate (0 - -2) + (16 - 15).
3
Calculate -2 + 4 + (3 - (0 - -10)).
-5
-3 + (6 - 1) + -2 + -4
-4
Evaluate 14 + -6 + 2 - 2.
8
(13 - (-3 - -4)) + 17 + -23
6
Evaluate (-11 - -6) + -4 + 6 + -4.
-7
What is the value of -4 - 0 - (3 - (4 + 3))?
0
What is 4 - (-4 + 8) - 4?
-4
What is the value of 1 + (13 - 9) - (3 - -1)?
1
Calculate -9 + (-9 - -29) + -7.
4
What is 3 + -4 + (-6 - -2)?
-5
What is -3 - (-3 - 5 - -10)?
-5
What is -13 + (10 - (11 - (3 + 3)))?
-8
What is the value of -4 + -5 + (10 - 4)?
-3
Calculate (-1 - 7) + 5 - 1.
-4
Calculate 10 + -17 + 1 + 9.
3
Calculate (1 - 2) + (121 - 126).
-6
What is 1 - 3 - (-3 - -1) - -2?
2
-4 + (9 + -4 - (0 - -1))
0
Calculate -1 - (6 - 13 - -4 - 7).
9
What is 0 - (0 - -7 - 4)?
-3
1 - (45 + -37 + -6 + 0)
-1
What is the value of 0 + 4 + (-1 - 6)?
-3
What is -1 + (-3 - 1 - -3)?
-2
What is -14 + (9 - 4 - (5 - 5))?
-9
Calculate (1 - 3) + (-29 - -38) - 0.
7
What is 0 + (-1 - (5 - 10) - 0)?
4
What is -1 - (-1 - 1 - (1 + 0))?
2
(0 + -2 - -12) + 155 + -160
5
(0 - -1 - 2) + 8 + -7
0
What is the value of -10 + 11 + -1 + -1?
-1
What is 19 - ((19 - -3) + -11)?
8
What is the value of (5 - 4) + 2 + 2?
5
What is -9 - (-1 + 0) - (-454 + 448)?
-2
4 + (2 - 6) + 3 - 7
-4
-7 + (5 - 0) + (18 - 15)
1
What is -8 + (-23 - -23 - (-9 + 2))?
-1
What is the value of (-3 - (2 + -2 + -1)) + 3?
1
Calculate -4 - 0 - (2 - 7).
1
Calculate 3 - (-4 - -11) - (-1 + -2).
-1
Calculate (1 - -1) + 5 - 2.
5
Evaluate (0 - 2) + (2 - -1).
1
What is (-6 + -3 - -4) + (-3 - 0)?
-8
Calculate (0 - 0 - 0) + 0.
0
Evaluate -12 + 2 + 2 + 6.
-2
Calculate (2 - -4) + (2 - 0 - 4).
4
What is the value of 0 + (9 - 0) + (-6 - -1)?
4
Calculate -1 - (5 + -3) - 0.
-3
What is the value of -3 + (3 - (-3 + 4))?
-1
Calculate -6 + 0 + -4 - -11.
1
What is the value of 1 - (0 - -4 - 8)?
5
What is the value of (-2 + 7 - -3) + -2?
6
Calculate (-1 - -5) + (0 - 1 - -2).
5
Calculate -11 + (9 - 3) + 3.
-2
What is the value of (-6 - -12) + (0 - 2) + -5?
-1
Calculate -1 + -1 + 4 - (3 - 0).
-1
Calculate 0 - -2 - (35 - 29).
-4
What is the value of -92 + 92 - (4 + 1 - 1)?
-4
Evaluate -39 + 50 + (-4 - -3).
10
Evaluate 7 - (-9 + 5) - 6.
5
Calculate -17 + 2 + 1 - -25.
11
What is 0 + 0 + 0 + (-22 - -25)?
3
Calculate (7 - 5) + 1 + -6.
-3
Evaluate -3 - (1 + 4 - (2 - -12)).
6
What is (-3 - -3) + 3 + (-42 - -44)?
5
Calculate (79 - 79) + (1 - 1) + 0.
0
-2 - (-1 + 2 + -1 + 1)
-3
1 - -1 - (-15 - -16 - -5)
-4
Evaluate 1 - 10 - (16 + -22).
-3
Evaluate (-11 - -5) + (0 + 3 - -1).
-2
Calculate (1 - (-4 + -6)) + -14.
-3
What is 0 - 10 - (-7 + -8)?
5
Evaluate -2 + 7 + -1 - (2 + -3).
5
What is -7 + (16 - 5) + -6?
-2
What is the value of 3 - (0 + -3 - -2) - 2?
2
(-7 - -1) + 4 + -2
-4
Calculate (-3 - -4) + (3 + 1 - 0).
5
What is the value of 1 + 3 + (2 - 0 - 3)?
3
-4 - 6 - (4 - 7)
-7
What is -14 + 3 + 1 + 6?
-4
What is the value of (4 - (0 - -6)) + 4 + -1?
1
Calculate (9 - (-1 - -3)) + 2 + -4.
5
What is the value of 2 - (-9 - (-3 - 3))?
5
What is the value of -7 - (-8 - 1 - -6)?
-4
0 + 1 - -5 - (14 - 10)
2
What is 7 + -9 + 6 - 6?
-2
What is the value of (-2 + 4 - 4) + -4 - -15?
9
-3 + -2 + (9 - 4)
0
What is the value of 0 + -6 + -3 + 7 + -3?
-5
What is the value of -1 + 1 + -3 - (-1 + -1)?
-1
What is -7 + 4 + -1 + -1?
-5
Evaluate -12 - (3 + (7 - 14) + 2).
-10
What is the value of 5 + -3 + 1 + -1?
2
Evaluate (15 - 19) + -3 + 1 + 11.
5
What is the value of (-1 - -5) + -27 + 23?
0
What is the value of -4 - -5 - (-1 + 2)?
0
Evaluate 0 - -3 - (7 - 0).
-4
What is the value of -2 + 5 + -2 + 4 + -2?
3
Evaluate (-2 - (6 - 2)) + 4 + 0.
-2
-25 + 27 + (1 - -1) + -4
0
Evaluate 8 + (1 - 24) + 10.
-5
What is the value of 6 + -9 + -7 - -7?
-3
(2 - 0) + 2 + (4 - 8)
0
Evaluate 0 - 3 - (2 + -7 + 1).
1
What is the value of -4 + -1 - (60 + -57)?
-8
Evaluate (4 - (4 - 0)) + -2.
-2
What is 3 - 2 - (-48 + 53)?
-4
Calculate -5 + (-1 - (1 + (-4 - 1))).
-2
Calculate 4 - (-2 - (1 - 2)).
5
What is 0 - -8 - (4 + 1 + -4)?
7
What is the value of (-9 - -5) + 5 + 2?
3
What is -47 - -46 - (0 - -1)?
-2
What is 4 - (8 + -2 + 10 + -15)?
3
Calculate -2 - 1 - -2 - (2 - -2).
-5
Evaluate 4 + -2 + 4 + -1.
5
What is the value of -1 + ((1 - -1) + 5 - 1)?
5
(7 - 7 - -1) + -3 + -2
-4
What is (0 - (-2 + 0)) + (2 - -1)?
5
-2 + -3 + 4 + (-2 - -4)
1
-6 + 0 + 18 + -15
-3
What is the value of -3 + (3 - (1 + -6)) - 6?
-1
-5 + 8 - -6 - 6
3
What is the value of -1 + 3 + 0 + 0?
2
-1 + 4 + -5 + 5 + 4
7
Evaluate 11 + -10 + 2 + -6.
-3
Evaluate -3 - 5 - -4 - -4.
0
What is the value of 0 + (7 - 15) + -5 + 11?
-2
What is -1 + 1 + -2 + (201 - 204)?
-5
What is -9 + 5 + 10 + -8?
-2
12 + -17 - (0 - 1)
-4
Evaluate -2 + -1 + 9 - 1.
5
What is the value of 1 + -4 - (4 - 2)?
-5
Calculate 0 - -1 - -3 - (14 - 10).
0
Calculate 4 + -5 + (-3 - -7) + 0.
3
Evaluate -5 - (-1 + -1 + -1).
-2
What is -2 - (14 + -5 + -5)?
-6
What is -2 + -3 - (-12 + 6)?
1
What is 3 + (3 - 1 - 2)?
3
8 + 2 + -2 - 3
5
Evaluate -14 - -18 - (2 + 3).
-1
What is the value of (5 - (-4 + 8)) + -7?
-6
What is 5 + 1 - (-4 + 7 + -2)?
5
Calculate 10 - (-55 + 62 - (-1 + 4)).
6
What is 1 - -3 - (3 - 2)?
3
Calculate (8 - (0 - 1 - 4)) + -4.
9
Calculate -11 + (3 - 8 - -7).
-9
What is the value of (-1 - -7) + (-22 - -15)?
-1
What is the value of -4 - (-1 + (3 - 3)) - -8?
5
-2 + (1 - -7) + (53 - 66)
-7
What is the value of (1 - 0 - (3 - 4)) + -3?
-1
Evaluate 6 + -4 - -3 - 6.
-1
What is the value of -5 - (-2 + -5 - -2) - 4?
-4
What is -8 + 1 - (30 + -33)?
-4
What is the value of 6 + -2 + (41 - 44)?
1
Calculate -18 - -19 - (-3 + -2 + 1).
5
3 + -5 + -5 - -3
-4
Calculate 6 + 1 + -2 + 12 + -12.
5
Calculate 9 - ((-4 - 0) + 6).
7
-11 + 16 + -10 + 1 + 0
-4
Evaluate 4 + -1 + (-1 - 1 - 1).
0
What is (2 - -1) + 6 + -8?
1
Evaluate -21 - -6 - -1 - -11.
-3
Evaluate 1 - (-1 + (1 - (-6 + 2))).
-3
What is the value of -18 - (1 - 8) - -16?
5
Evaluate -6 - (-12 - (-7 + 8 + -2)).
5
What is 5 + 2 + (-45 - -35)?
-3
Calculate (-11 - -15) + (-9 - (-9 - -4)).
0
What is the value of -7 - (-8 - (-2 + -5))?
-6
Evaluate -2 + 8 + (-2 - 3).
1
Calculate 1 + -1 + 1 + 3 - 8.
-4
Calculate 9 + 5 + -13 + -9.
-8
Evaluate 4 + (-6 - 1) + 0.
-3
What is (3 - 8) + 0 + 12?
7
Evaluate 4 - (-3 - (4 - 4)).
7
What is 6 + 1 + -12 + 1?
-4
Evaluate 3 + 1 + -11 + 0 + 3.
-4
What is (-4 - -2) + -9 + 7 + 6?
2
Calculate -4 - -2 - (-8 - -4).
2
What is (1 - 2) + (-1 - (4 - 6))?
0
What is 1 + 6 + (0 - 5) + 0?
2
Calculate 0 + -2 - (-21 - -23).
-4
What is the value of -4 + 4 - (5 + -3 + -1)?
-1
What is the value of 51 + -51 + 1 + -1?
0
-3 + 1 + (1 - (8 - 7))
-2
Calculate 1 - (10 + -9 + -1).
1
Evaluate -1 + (-2 - -4)